354 and 22?
22
What is the highest common factor of 4200752 and 97232?
1648
What is the greatest common divisor of 4884 and 33026052?
444
Calculate the highest common divisor of 2745 and 35170587.
549
Calculate the greatest common factor of 682716573 and 198.
99
Calculate the greatest common divisor of 36249885 and 315.
315
Calculate the greatest common divisor of 108 and 2013552.
108
What is the greatest common divisor of 9680 and 237039?
121
Calculate the greatest common factor of 13988073 and 2563.
11
Calculate the highest common divisor of 8460 and 636145.
235
What is the greatest common divisor of 1405985 and 149702?
2023
What is the greatest common factor of 4768 and 30280078?
298
What is the greatest common divisor of 72380 and 254870?
770
What is the greatest common divisor of 1200 and 147216?
48
What is the greatest common factor of 9906140 and 20?
20
Calculate the greatest common divisor of 137785 and 55.
5
Calculate the greatest common factor of 715460 and 127488.
332
What is the greatest common factor of 2198338 and 207706?
1394
Calculate the highest common factor of 960537268 and 43.
43
Calculate the greatest common divisor of 512355 and 29655.
15
Calculate the greatest common divisor of 3269016 and 120.
24
What is the greatest common divisor of 4291503 and 120441?
6339
Calculate the highest common divisor of 15111 and 6093.
9
Calculate the highest common divisor of 155155 and 201487.
143
Calculate the greatest common factor of 121776 and 106384021.
2537
What is the highest common divisor of 307239 and 10879747?
2179
What is the highest common factor of 322 and 2737322?
322
Calculate the greatest common divisor of 1646 and 6375473198.
1646
What is the greatest common divisor of 8526825 and 135?
45
What is the greatest common divisor of 31668 and 439764?
156
Calculate the greatest common factor of 54456 and 129816.
24
Calculate the greatest common factor of 1501219 and 5901788.
6443
Calculate the highest common divisor of 3716811 and 2304.
9
Calculate the greatest common divisor of 160752989 and 166.
83
Calculate the greatest common factor of 1644 and 15743218.
274
What is the greatest common factor of 1166666 and 944?
118
Calculate the greatest common factor of 1579008 and 42.
6
Calculate the highest common factor of 156 and 8838672.
12
Calculate the highest common divisor of 846369 and 129.
129
Calculate the greatest common factor of 4859778 and 18144.
42
Calculate the highest common factor of 6195410 and 5.
5
What is the greatest common divisor of 32 and 3036036?
4
What is the greatest common factor of 999396 and 7820?
1564
What is the highest common divisor of 200 and 69400?
200
What is the greatest common divisor of 108788427 and 1458?
243
Calculate the greatest common divisor of 65070 and 2706430.
2410
Calculate the highest common factor of 228 and 84928556.
76
What is the highest common factor of 3540 and 824525?
295
What is the highest common factor of 168436 and 62067?
17
What is the greatest common divisor of 147021 and 2478?
21
Calculate the greatest common factor of 117 and 1475757.
9
What is the greatest common divisor of 216193955 and 1345?
1345
Calculate the greatest common divisor of 1449 and 46677603.
483
Calculate the highest common factor of 2751 and 26033106.
393
Calculate the greatest common divisor of 6639249 and 483.
69
Calculate the highest common divisor of 90300 and 765443.
301
Calculate the greatest common factor of 228 and 385188.
12
What is the greatest common factor of 3708060 and 96?
12
Calculate the greatest common factor of 50351730 and 330.
330
Calculate the greatest common divisor of 297756 and 136931.
919
What is the highest common divisor of 48373562 and 1874?
1874
Calculate the greatest common factor of 21023604 and 567.
189
Calculate the greatest common factor of 26429 and 367289.
247
What is the highest common factor of 7362 and 6049928?
818
Calculate the highest common factor of 12042 and 1600560.
54
What is the highest common divisor of 684 and 172692?
36
Calculate the greatest common divisor of 144507 and 703047.
87
Calculate the highest common divisor of 126592 and 5867392.
2944
Calculate the highest common divisor of 60928560 and 1760.
880
Calculate the greatest common factor of 117 and 1576116.
9
What is the highest common factor of 7105 and 2699375?
35
Calculate the greatest common divisor of 5478 and 2015526018.
5478
Calculate the highest common divisor of 41921 and 1460437.
1133
Calculate the greatest common factor of 682 and 7172902.
22
Calculate the highest common factor of 1173656 and 40392.
88
Calculate the highest common divisor of 487944 and 20400.
24
What is the highest common divisor of 698423153 and 4031?
4031
Calculate the highest common factor of 2541 and 728196.
21
Calculate the greatest common factor of 39 and 2223066.
3
Calculate the greatest common factor of 561895 and 57736.
1031
What is the greatest common factor of 252711015 and 45?
15
Calculate the highest common divisor of 14328288 and 59856.
2064
Calculate the greatest common factor of 19 and 142763169.
19
Calculate the highest common factor of 66504 and 36307272.
3912
What is the highest common factor of 16 and 339581864?
8
What is the highest common factor of 12222744 and 6?
6
Calculate the greatest common factor of 1155 and 1231527.
33
Calculate the highest common factor of 2629 and 22693.
11
Calculate the greatest common divisor of 9595 and 47405.
95
Calculate the highest common divisor of 15974 and 54941432.
2282
What is the greatest common divisor of 360468 and 112183?
17
What is the highest common divisor of 21386233 and 22?
11
What is the greatest common factor of 915 and 219845?
5
Calculate the greatest common divisor of 478 and 33188018.
478
Calculate the highest common divisor of 130939668 and 548.
548
What is the highest common divisor of 10471042 and 6234?
2078
Calculate the greatest common factor of 6 and 11596671.
3
Calculate the highest common factor of 13653 and 110760721.
1517
Calculate the highest common factor of 906915 and 11845.
515
What is the highest common factor of 42755 and 119444895?
2515
What is the greatest common divisor of 9482148 and 153?
9
What is the highest common factor of 1399972 and 14?
14
What is the greatest common factor of 152 and 49209924?
76
What is the highest common factor of 113670575 and 75?
25
Calculate the greatest common divisor of 14389464 and 6.
6
What is the greatest common divisor of 15 and 61692495?
15
Calculate the greatest common divisor of 1686741 and 147.
21
What is the greatest common divisor of 10278630 and 500?
10
Calculate the highest common factor of 14599155 and 105.
15
Calculate the highest common factor of 156 and 2075004.
12
What is the highest common factor of 150 and 5669025?
75
Calculate the highest common divisor of 1983239 and 418.
19
What is the highest common divisor of 2831945 and 935?
85
What is the highest common divisor of 9 and 308947149?
9
Calculate the highest common divisor of 3429 and 186759.
27
What is the highest common factor of 42228 and 20401632?
1836
What is the highest common factor of 11367 and 2916?
27
Calculate the greatest common divisor of 5391635 and 15.
5
What is the highest common divisor of 17109342 and 18?
18
What is the greatest common factor of 7472069 and 77?
11
Calculate the highest common factor of 4398635 and 4899.
23
Calculate the greatest common divisor of 61155 and 254586.
453
Calculate the highest common factor of 329714 and 32494.
154
Calculate the highest common factor of 278 and 3112766.
278
Calculate the greatest common divisor of 5952 and 924096.
192
What is the highest common factor of 26150190 and 132?
66
Calculate the greatest common factor of 7368226 and 1834.
262
What is the highest common divisor of 1828405 and 814860?
2515
What is the greatest common divisor of 140 and 6284340?
20
What is the greatest common factor of 58 and 119552326?
58
What is the highest common factor of 143533 and 1930162?
793
What is the highest common factor of 433378340 and 40?
20
What is the greatest common divisor of 26619 and 18639?
57
Calculate the highest common divisor of 1427540 and 1.
1
What is the highest common factor of 50960 and 10715120?
1040
What is the greatest common divisor of 280 and 59458?
14